 288. Calculate the highest common divisor of 22 and h.
22
Suppose -6*o + 840 = -0*o. Calculate the highest common factor of o and 20.
20
Let i = 0 + 15. Suppose 27 = 3*o - 72. Let s = 132 + o. Calculate the greatest common factor of i and s.
15
Let u be (-1032)/(-44) - 24/(-44). Let o(h) = h**3 - h**2 + 2*h. Let r be o(2). Calculate the highest common divisor of r and u.
8
Let g be 3/9 - (-44)/3. Calculate the highest common divisor of g and 15.
15
Suppose -5*s + 16 = -s. Suppose s*d - 2*d = 20. What is the highest common factor of d and 10?
10
Let f(v) = -28 - 5*v**2 - 8*v**2 - v**3 + 43 + v. Let p be f(-13). Suppose p*m = 3*m - 144. Calculate the greatest common factor of m and 18.
18
Let j(y) = 23*y**3 - 1. Let r be j(1). What is the greatest common factor of 55 and r?
11
Let q = 142 + -10. Suppose -27 = -3*r + 3*t, -5*t = -r - r + 9. Calculate the highest common divisor of r and q.
12
Suppose -9 = -5*r + 16. Suppose 30 = r*l - 70. Suppose -3*m + l = -25. Calculate the highest common divisor of m and 165.
15
Suppose -4*v + l - 36 = -6*v, 3*v + 5*l = 40. Suppose -880 = -3*n - n. What is the greatest common divisor of n and v?
20
Suppose j - 16 = -7. Suppose -5*o - 198 = -2*s, 2*o + 38 = s - 61. What is the highest common factor of s and j?
9
Let s be 6*(-1)/2 + 3. Suppose s = k + 2*k - 54. Let n = -7 - -13. Calculate the greatest common factor of n and k.
6
Suppose 3*l - 47 = 1. Let w be 4 - 0 - (-4)/(-2). Suppose -4 = -w*t - 0. Calculate the greatest common divisor of t and l.
2
Let y = -4 - -4. Suppose y = -w - 3*w + 20. Suppose -3*c = 5*z - 151, 3*c - w*z = 92 + 99. Calculate the greatest common factor of c and 38.
19
Suppose 2*j + 18 = 5*j. Suppose 2 = -4*o - j. Let h(n) = -5*n. Let w be h(o). Calculate the greatest common divisor of w and 20.
10
Suppose 3*p + 4*o - 124 = 0, -4*p + 0*p = 4*o - 168. What is the greatest common divisor of 22 and p?
22
Suppose 0 = 2*q + 3*q - 670. Let m = q - 44. Suppose -m = -4*a - 3*t, -4*t - 78 = -3*a - t. What is the highest common divisor of a and 60?
12
Let q(o) = -o**2 + 14*o - 12. Let p = 25 - 16. Let m be q(p). Let g = 4 + -1. Calculate the greatest common divisor of m and g.
3
Suppose -10*u = -6*u - 24. Let c(b) = -b**3 - 4*b**2 - 4*b - 3. Let q be c(-3). Let x be 44/(2 + q)*3. What is the greatest common divisor of u and x?
6
Let y(d) = d**2 - 6*d - 2. Let o be y(7). What is the highest common divisor of 1 and o?
1
Let t(z) = -z**3 + 7*z**2 - 6*z + 6. Let s be t(6). Let m = 59 - -119. Let i = -124 + m. Calculate the highest common factor of i and s.
6
Let x(a) = -a**3 + 4*a**2 + 4*a + 3. Let j be x(5). Let u be (-2)/(-1) - 30/j. Let k = -93 + 144. Calculate the highest common divisor of u and k.
17
Let i(u) = -5 + 3*u**2 - u + 2 + 4*u. Let b be i(2). Suppose 5*j - b = 4*j. What is the highest common factor of 30 and j?
15
Let u be 51 + ((-3)/9)/((-4)/12). Calculate the highest common divisor of 13 and u.
13
Let b(y) = -2*y**2 - 4*y - 2. Let o be b(-3). Let n = -38 + 68. Let s = o + n. What is the highest common factor of 176 and s?
22
Suppose -2*x + 20 = 2*x. Suppose 0 = 2*l - x - 281. Calculate the greatest common factor of 13 and l.
13
Let u(d) = 16*d + 3. Let o be u(3). Calculate the greatest common factor of o and 17.
17
Let s(n) = -20*n - 10. Let t(j) = -j - 1. Let w(x) = -s(x) + 15*t(x). Let u be w(4). What is the greatest common divisor of 105 and u?
15
Suppose 0*i + 6*i = 66. Suppose 5*k = 251 + 134. What is the highest common divisor of i and k?
11
Suppose -4*x = -7*x - 12. Let v be -87*(x + 12/4). What is the highest common divisor of v and 58?
29
Let w(l) be the first derivative of 2*l**2 - 5*l + 4. Let x be w(10). Suppose 3*m + 6 = -p + 19, -5*m = -10. Calculate the greatest common divisor of p and x.
7
Suppose -288 = 15*q - 19*q. Calculate the greatest common factor of 8 and q.
8
Let y = 42 - 23. Suppose k + 8 - y = -2*m, m = 2*k - 32. Let w be -3*(-1 - k/9). Calculate the highest common factor of 64 and w.
8
Let k be (-14 + (1 - 0))*1. Let y = -8 - k. Calculate the greatest common factor of y and 35.
5
Let h(c) = 6*c**3 - c + 1. Let i be h(1). What is the greatest common factor of i and 9?
3
Suppose 4 = 4*x - 24. Calculate the greatest common divisor of 63 and x.
7
Let o be (0 - 3)*(-20)/15. Let z = o - 3. Let v = -30 + 41. What is the highest common factor of v and z?
1
Suppose 23 = 5*v - 3*f, 2*f = 4*v - 16 - 2. Let i be (v/(-3))/(3/(-36)). What is the greatest common factor of 4 and i?
4
Let y be 12 - (-1 - -3)/(-2). What is the greatest common divisor of y and 143?
13
Let c = 3 - -2. Let h be 8/c*(-2 - -22). Let g = 27 - 19. Calculate the greatest common divisor of g and h.
8
Let p be 8/10 + 2896/80. Calculate the greatest common divisor of p and 111.
37
Let k(i) = i**2 + i + 23. Let v = 4 - 4. Let f be k(v). Let u = 32 + f. What is the greatest common divisor of u and 11?
11
Let y(o) = -3*o**2 + 2*o. Let h be y(2). Let a be (3/2)/((-3)/h). Suppose k - 8 = a. What is the greatest common divisor of k and 4?
4
Let w(b) = -b**3 + 16*b**2 - 11*b - 12. Let y be w(15). Calculate the greatest common factor of 24 and y.
24
Let o(s) = -10*s - 12. Let b be o(-2). Calculate the highest common factor of 4 and b.
4
Let n(r) = -r**3 + 8*r**2 + 8*r + 9. Let f be n(9). Suppose m - 2*m + 2 = f. Let u(w) = 8*w - 2. Let p be u(m). What is the highest common factor of 21 and p?
7
Suppose -3*s - 3*y = -s - 73, 0 = y - 3. What is the greatest common factor of s and 4?
4
Suppose 5*s = 3*q + 15, -3*q - 2*q = s - 3. Suppose q*h + 2*h - 36 = 0. Let j(f) = 45*f. Let t be j(1). What is the highest common divisor of t and h?
9
Let f(z) = z**3 - 12*z**2 - 12*z - 16. Let k be f(13). Let n be (-1 - (1 + k))/(-1). Let s be (111/21 + n)*14. What is the highest common divisor of s and 20?
20
Let r = -61 + 37. Let s = 0 - r. What is the greatest common divisor of 36 and s?
12
Suppose 2*q - 556 = -2*q. Let r = q - 94. Let d = -6 - -21. Calculate the greatest common divisor of r and d.
15
Suppose 7*c - 3*c - 4*t = 4, 3*c + 5*t = 19. Suppose -4*r = i + 2*i - 217, -219 = -c*i - 3*r. Calculate the greatest common factor of i and 30.
15
Let q(r) = -2*r + 2. Suppose -2*b - 2*b - 8 = 0. Let o be q(b). What is the greatest common factor of 30 and o?
6
Let b be 3/(-2)*2/3. Let j = -1 - b. Suppose -252 = -4*u - j*u. Calculate the greatest common divisor of 9 and u.
9
Let j(c) = -2*c - 2. Let b be j(-2). Suppose w = -b*w + 27. Suppose -13*a + 225 = -8*a. Calculate the highest common divisor of a and w.
9
Let p be -1 - ((-18)/1)/2. Suppose 5*r = -2*l + 49, 0 = 5*l + 4*r - 88 + p. What is the greatest common factor of 18 and l?
6
Let g = -4 - -6. Let w be 0/(-3 + g) - -1. Let f(u) = 89*u**3 - 1. Let j be f(w). Calculate the highest common factor of 11 and j.
11
Suppose 33 + 48 = 3*q. Let s = -17 + q. Calculate the greatest common divisor of s and 110.
10
Let z be -7*3*(-8)/12. Calculate the greatest common divisor of z and 112.
14
Let x be (-10)/5*(-243)/6. Suppose 0*y = -2*y - 4*n, y - 7 = 5*n. Suppose y*h - 9 = h. What is the highest common factor of h and x?
9
Let b = 25 - 15. Let h(v) = v**3 + 9*v**2 + 5*v - 9. Let o = -8 + 0. Let u be h(o). Calculate the greatest common factor of b and u.
5
Suppose 0*k - 200 = 5*k. Let y be ((-24)/(-10))/((-6)/k). Suppose -2*d + 5*d = 144. What is the greatest common divisor of d and y?
16
Let s be 2/(-4) - ((-99)/6 - -2). Calculate the highest common divisor of s and 56.
14
Suppose 3*f - 51 = 3*w - 645, f - 387 = -2*w. Let v = w - 131. Calculate the highest common factor of 16 and v.
16
Suppose 4*l - l - u = 0, l - 5*u + 14 = 0. Suppose 3*v - v + 20 = 3*x, 4*v = -3*x - 4. Calculate the highest common factor of x and l.
1
Suppose 3*k = -4 + 10. Let i be k*(3 + 2 + 75). Suppose -2*o - 38 = -3*w + 30, 3*w - 52 = -2*o. What is the highest common factor of w and i?
20
Let q(h) be the second derivative of -h**5/20 - 5*h**4/12 - 2*h**3/3 - 5*h**2/2 + 8*h. Let x be q(-6). What is the greatest common divisor of x and 11?
11
Let b = -11 + 23. Let q(x) = 4*x - 6. Let n be q(9). What is the highest common factor of b and n?
6
Let a = -32 - -64. What is the greatest common factor of 80 and a?
16
Let t = -5 - -15. What is the highest common factor of t and 4?
2
Suppose -4*i - i + 3*y = -32, 4*y +